{"id":204116,"date":"2022-03-31T12:58:18","date_gmt":"2022-03-31T19:58:18","guid":{"rendered":"https:\/\/ushop.mx\/vitamarket\/?post_type=product&#038;p=204116"},"modified":"2023-08-17T00:30:05","modified_gmt":"2023-08-17T07:30:05","slug":"cafe-negro-lingzhi-promocion-5-paquetes-envio-gratis","status":"publish","type":"product","link":"https:\/\/ushop.mx\/vitamarket\/producto\/cafe-negro-lingzhi-promocion-5-paquetes-envio-gratis\/","title":{"rendered":"Caf\u00e9 Negro Lingzhi promocion 5 paquetes envio gratis"},"content":{"rendered":"<p>Promocion 5 bolsas de Caf\u00e9 Negro Lingzhi con 20 sobres cada bolsa, cada sobre rinde para 2-4 tazas.<\/p>\n<p>Envio gratis en M\u00e9xico por estafeta, (zonas extendidas pueden tener un costo, para verificar si su destino es zona extendida puede<br \/>\nconsultarnos por <a href=\"https:\/\/api.whatsapp.com\/send?phone=5216142739383&amp;text=Hola%20me%20gustaria%20hacer%20una%20consulta%20sobre%20sus%20productos%20en%20la%20pagina%20vitamarket\">whatsapp haciendo click en este enlace<\/a><\/p>\n<p>Es un caf\u00e9 org\u00e1nico gourmet con exquisito sabor, hecho de granos de caf\u00e9 100% natural, org\u00e1nico, libre de qu\u00edmicos, descafeinado con extracto de los 6 tipos de hongos de Ganoderma m\u00e1s potentes. Dadas las caracter\u00edsticas del Ganoderma combinada con el caf\u00e9, la convierte en una poderosa bebida alcalina capaz de desintoxicar nuestro cuerpo de una forma gradual, sacando toxinas, adem\u00e1s de contener m\u00e1s de 200 elementos activos, nutriendo y fortaleciendo el sistema inmunol\u00f3gico. Contiene tan solo un 0.06% de cafe\u00edna por lo que no irrita el est\u00f3mago ni altera el sistema nervioso. No contiene az\u00facar.<\/p>\n","protected":false},"excerpt":{"rendered":"<p>Promocion 5 bolsas de Caf\u00e9 Negro Lingzhi con 20 sobres cada bolsa, cada sobre rinde para 2-4 tazas. Envio gratis en M\u00e9xico por estafeta, (zonas extendidas pueden tener un costo, para verificar si su destino es zona extendida puede consultarnos por whatsapp haciendo click en este enlace Es un caf\u00e9 org\u00e1nico gourmet con exquisito sabor, [&hellip;]<\/p>\n","protected":false},"featured_media":204117,"comment_status":"open","ping_status":"closed","template":"","meta":{"_et_pb_use_builder":"","_et_pb_old_content":"","_et_gb_content_width":""},"product_cat":[20,15],"product_tag":[22,21,23],"_links":{"self":[{"href":"https:\/\/ushop.mx\/vitamarket\/wp-json\/wp\/v2\/product\/204116"}],"collection":[{"href":"https:\/\/ushop.mx\/vitamarket\/wp-json\/wp\/v2\/product"}],"about":[{"href":"https:\/\/ushop.mx\/vitamarket\/wp-json\/wp\/v2\/types\/product"}],"replies":[{"embeddable":true,"href":"https:\/\/ushop.mx\/vitamarket\/wp-json\/wp\/v2\/comments?post=204116"}],"wp:featuredmedia":[{"embeddable":true,"href":"https:\/\/ushop.mx\/vitamarket\/wp-json\/wp\/v2\/media\/204117"}],"wp:attachment":[{"href":"https:\/\/ushop.mx\/vitamarket\/wp-json\/wp\/v2\/media?parent=204116"}],"wp:term":[{"taxonomy":"product_cat","embeddable":true,"href":"https:\/\/ushop.mx\/vitamarket\/wp-json\/wp\/v2\/product_cat?post=204116"},{"taxonomy":"product_tag","embeddable":true,"href":"https:\/\/ushop.mx\/vitamarket\/wp-json\/wp\/v2\/product_tag?post=204116"}],"curies":[{"name":"wp","href":"https:\/\/api.w.org\/{rel}","templated":true}]}}